{"id":19442,"date":"2025-12-15T15:57:44","date_gmt":"2025-12-15T14:57:44","guid":{"rendered":"http:\/\/weselenakaraibach.pl\/?page_id=19442"},"modified":"2026-02-05T06:09:59","modified_gmt":"2026-02-05T05:09:59","slug":"kontakt","status":"publish","type":"page","link":"https:\/\/weselenakaraibach.pl\/?page_id=19442","title":{"rendered":"Kontakt"},"content":{"rendered":"\t\t<div data-elementor-type=\"wp-page\" data-elementor-id=\"19442\" class=\"elementor elementor-19442\">\n\t\t\t\t<div class=\"elementor-element elementor-element-2bd1409 e-flex e-con-boxed e-con e-parent\" data-id=\"2bd1409\" data-element_type=\"container\">\n\t\t\t\t\t<div class=\"e-con-inner\">\n\t\t\t\t<div class=\"elementor-element elementor-element-0b7e1b9 elementor-widget elementor-widget-text-editor\" data-id=\"0b7e1b9\" data-element_type=\"widget\" data-widget_type=\"text-editor.default\">\n\t\t\t\t\t\t\t\t\t<p><b>Dane Kontaktowe:<\/b><\/p>\n<p>info@weselenakaraibach.pl<\/p>\n<p>+48 535 070 517 (PL)<\/p>\n<p>+501 670 8256 (Belize)<\/p>\n<p><\/p>\t\t\t\t\t\t\t\t<\/div>\n\t\t\t\t\t<\/div>\n\t\t\t\t<\/div>\n\t\t<div class=\"elementor-element elementor-element-a148c82 e-flex e-con-boxed e-con e-parent\" data-id=\"a148c82\" data-element_type=\"container\">\n\t\t\t\t\t<div class=\"e-con-inner\">\n\t\t\t\t<div class=\"elementor-element elementor-element-b0eb7b3 elementor-widget elementor-widget-image\" data-id=\"b0eb7b3\" data-element_type=\"widget\" data-widget_type=\"image.default\">\n\t\t\t\t\t\t\t\t\t\t\t\t\t\t\t<img fetchpriority=\"high\" decoding=\"async\" width=\"1024\" height=\"683\" src=\"https:\/\/weselenakaraibach.pl\/wp-content\/uploads\/2026\/02\/ChatGPT-Image-Feb-4-2026-at-11_08_34-PM-1024x683.png\" class=\"attachment-large size-large wp-image-19613\" alt=\"Slub na karaibach, wesele na jachcie, \u015blub na wyspie, \u015blub za granic\u0105, \u015blub na pla\u017cy, \u015blub na karaibach\" srcset=\"https:\/\/weselenakaraibach.pl\/wp-content\/uploads\/2026\/02\/ChatGPT-Image-Feb-4-2026-at-11_08_34-PM-1024x683.png 1024w, https:\/\/weselenakaraibach.pl\/wp-content\/uploads\/2026\/02\/ChatGPT-Image-Feb-4-2026-at-11_08_34-PM-300x200.png 300w, https:\/\/weselenakaraibach.pl\/wp-content\/uploads\/2026\/02\/ChatGPT-Image-Feb-4-2026-at-11_08_34-PM-768x512.png 768w, https:\/\/weselenakaraibach.pl\/wp-content\/uploads\/2026\/02\/ChatGPT-Image-Feb-4-2026-at-11_08_34-PM-600x400.png 600w, https:\/\/weselenakaraibach.pl\/wp-content\/uploads\/2026\/02\/ChatGPT-Image-Feb-4-2026-at-11_08_34-PM.png 1536w\" sizes=\"(max-width: 1024px) 100vw, 1024px\" \/>\t\t\t\t\t\t\t\t\t\t\t\t\t\t\t<\/div>\n\t\t\t\t\t<\/div>\n\t\t\t\t<\/div>\n\t\t\t\t<\/div>\n\t\t","protected":false},"excerpt":{"rendered":"<p>Dane Kontaktowe: info@weselenakaraibach.pl +48 535 070 517 (PL) +501 670 8256 (Belize)<\/p>\n","protected":false},"author":2,"featured_media":0,"parent":0,"menu_order":0,"comment_status":"closed","ping_status":"closed","template":"","meta":{"_monsterinsights_skip_tracking":false,"_monsterinsights_sitenote_active":false,"_monsterinsights_sitenote_note":"","_monsterinsights_sitenote_category":0,"footnotes":""},"class_list":["post-19442","page","type-page","status-publish","hentry"],"aioseo_notices":[],"_links":{"self":[{"href":"https:\/\/weselenakaraibach.pl\/index.php?rest_route=\/wp\/v2\/pages\/19442","targetHints":{"allow":["GET"]}}],"collection":[{"href":"https:\/\/weselenakaraibach.pl\/index.php?rest_route=\/wp\/v2\/pages"}],"about":[{"href":"https:\/\/weselenakaraibach.pl\/index.php?rest_route=\/wp\/v2\/types\/page"}],"author":[{"embeddable":true,"href":"https:\/\/weselenakaraibach.pl\/index.php?rest_route=\/wp\/v2\/users\/2"}],"replies":[{"embeddable":true,"href":"https:\/\/weselenakaraibach.pl\/index.php?rest_route=%2Fwp%2Fv2%2Fcomments&post=19442"}],"version-history":[{"count":4,"href":"https:\/\/weselenakaraibach.pl\/index.php?rest_route=\/wp\/v2\/pages\/19442\/revisions"}],"predecessor-version":[{"id":19616,"href":"https:\/\/weselenakaraibach.pl\/index.php?rest_route=\/wp\/v2\/pages\/19442\/revisions\/19616"}],"wp:attachment":[{"href":"https:\/\/weselenakaraibach.pl\/index.php?rest_route=%2Fwp%2Fv2%2Fmedia&parent=19442"}],"curies":[{"name":"wp","href":"https:\/\/api.w.org\/{rel}","templated":true}]}}